6)?
4
Let l be (-354)/(-24) - 2/(-8). Let q = l + -11. What is the units digit of q?
4
Suppose 0 = 2*k + 4, 3*k = 4*j - 2*j - 6. Let x = j + 11. What is the tens digit of x?
1
Let b = -4 - -5. Let o be -3 + 1*(b - 2). What is the units digit of (-26)/o + 2/(-4)?
6
Let c be 4 + (209 - 1) - -4. Suppose 4*i - p - c = p, 4*p = i - 54. What is the tens digit of i?
5
Let n(z) = 3*z**2 + 1. Let d be n(1). Suppose -d*p + 4*m = -m + 17, 0 = 2*p - 2*m + 6. Suppose j - p = -1. What is the units digit of j?
1
Let c = 0 + 1. Let k be (-25)/(-10)*c*2. Suppose y - 6 = k. What is the tens digit of y?
1
Let y = 3 + -3. Let b = y + 2. Suppose 45 = 3*i + b*i. What is the units digit of i?
9
Let n = 274 + -102. What is the tens digit of n?
7
Suppose 3*f - 2 = -k, -3*f - 2*k = -0*k - 7. Let d = 3 + f. What is the units digit of d?
2
Suppose -8*j = -10*j + 56. What is the units digit of j?
8
Let c = -47 + 69. What is the units digit of c?
2
Let t(a) be the second derivative of -3*a - 1/2*a**3 + 0 + a**2. What is the units digit of t(-2)?
8
Let x(n) = -n**2 + 22*n - 25. What is the units digit of x(15)?
0
Let g(q) = q**2 + 6*q - 15. What is the tens digit of g(-12)?
5
Suppose 5*o + b - 2*b = 477, 5*b = 4*o - 369. What is the units digit of o?
6
Let t = 1 + -2. Let f = 1 - -1. Let y = t + f. What is the units digit of y?
1
Let n be (3 + -2 + -2)*-5. Suppose n*b = 4*b + 11. What is the tens digit of b?
1
Let r(f) = f**3 + 6*f**2 - 8*f - 3. What is the units digit of r(-7)?
4
Suppose 3*j = -4*z + 2*j + 231, 5*j + 42 = z. What is the tens digit of z?
5
Suppose -r = -7 + 2. Let b(x) = x**2 - 3*x - 7. Let u be b(r). Suppose -3*w - 2*w = -u*s - 2, -5*w = -4*s - 1. What is the units digit of w?
1
Let n = 308 - 177. What is the hundreds digit of n?
1
Suppose -1 = -4*v + 3. What is the units digit of (v - 6)/(5/(-15))?
5
Let i(x) = -x**2 + 6*x - 4. Suppose -2*y + 5 = -g, 2*y + 3*g - 4 - 5 = 0. Let a be 10/6*9/y. What is the units digit of i(a)?
1
Let b = -9 + 27. What is the tens digit of b?
1
Suppose 0 = -0*t + 4*t - 324. Let r = t + -49. What is the units digit of (r/24)/((-2)/(-3))?
2
Suppose 4*u - 4 = 4, -5*j + 107 = -4*u. What is the units digit of j?
3
Let g = 113 + -71. What is the units digit of g?
2
Let f = -3 + 7. Let t(n) = n**2 - 2*n - 1. What is the units digit of t(f)?
7
Let g = 11 + -6. Suppose -3*z = 2*i - 44, -g*z + 8 + 66 = 4*i. What is the units digit of z?
4
Suppose -7*u + 3*u - 5*t = -17, u - t = 11. Let h = u + 1. What is the units digit of h?
9
Let l(m) = -8*m + 5. Let f be l(-5). What is the tens digit of ((-12)/(-9))/(6/f)?
1
Let s(u) = -2*u - 8. Let j(v) = v**3 + 6*v**2 + 5*v. Let q be j(-5). Suppose q*f - 5*f - 30 = 0. What is the units digit of s(f)?
4
Suppose 4*b = -0*h - 2*h - 146, 4*b - 3*h + 161 = 0. What is the units digit of (-6)/4 + b/(-4)?
8
Suppose -2*r + r - 4 = 0, 5*b - 3*r - 37 = 0. Suppose -3*d = -2*a - 58, -4*d - b*a = -3*a - 82. Suppose d - 80 = -5*h. What is the tens digit of h?
1
Let h be (3/(-3) + 0)*-72. Suppose -5*f + h = -53. What is the units digit of f?
5
Let m = 16 + -13. What is the tens digit of (m + -2)*1*17?
1
Suppose -24 = -3*x - 9. Suppose 0 = -6*n + x*n + 10. What is the tens digit of n?
1
Let l(s) = -s**3 + 14*s**2 - 6*s + 11. What is the units digit of l(13)?
2
Let g = 1 - 0. Suppose 5 - g = -2*z. Let x = z + 4. What is the units digit of x?
2
Let v(s) = -2*s + 5. Let n(c) = -c**2 + 3*c + 3. Let z be n(-2). Let a be z + (-5)/(10/(-6)). What is the units digit of v(a)?
3
Let s = 99 - 163. Let n be (-12)/(-2) + -1*2. What is the units digit of s/(-10) - n/10?
6
Let c(y) = -1 - 3*y**3 + y**3 - 2*y**3. Let o be c(-1). Suppose 0*f - f + o = 0. What is the units digit of f?
3
Suppose -5 + 1 = x. What is the tens digit of ((-5)/4)/(x/32)?
1
Let s(h) = 2*h - 8 - 8*h - 4*h - h**2. Let b be 2 - ((-21)/(-3) + 1). What is the units digit of s(b)?
6
Let f = 81 - 37. What is the tens digit of f?
4
Let z(u) = -3*u**2 - 3*u + 3. Let o be z(-3). Let w = 20 + o. What is the units digit of w?
5
Let u = 4 + 1. Suppose -b - 6 = -2*h, 1 = -u*h - b + 2. What is the units digit of h?
1
Suppose 2*v + 23 = 3*m, 2*m - 3*m - 11 = 4*v. Let c(s) = -2*s + 8. What is the units digit of c(v)?
6
Suppose 0 = -5*n + 7*n - 6. Suppose 44 = n*q + 8. What is the units digit of q?
2
Suppose 417 = 5*h - 513. What is the units digit of h?
6
Let f be 3 + (-1 + 0 - -2). Suppose -f*k = -88 - 12. What is the units digit of k?
5
Let q be (-3 - -2) + 4 - -2. Suppose 0*n + 80 = q*n. What is the tens digit of n?
1
What is the tens digit of (-14261)/(-195) - 2/15?
7
Let a = -8 - 10. What is the tens digit of 0 - (a + 0 + 0)?
1
What is the units digit of -12*(-10)/4 - 3?
7
Suppose 3*b = 4*n + 2 + 16, 0 = -3*n. Suppose -b*o = -2*o - 216. What is the units digit of o?
4
Let a(t) = t**3 - 6*t**2 + 7*t - 10. Let v be a(5). Suppose v = 3*f - x - 8, -4*x - 20 = -f + 1. What is the units digit of f?
1
What is the tens digit of 2*(-33 + 0)*1/(-3)?
2
Suppose -2*f + 3*h - 4 = 5*h, -2*f - h = 0. Suppose 0*g + f*g = 6. Suppose -5*a + 40 = -g*m, 2*m - m = 0. What is the units digit of a?
8
Suppose 0 = -3*i + 4*t + 932 - 174, -743 = -3*i + t. What is the hundreds digit of i?
2
Let g(i) = 12*i - i**2 - 8 + 0*i**2 + 2. What is the units digit of g(9)?
1
Let u be (-2)/(-6)*63/3. Let t = -5 + u. What is the units digit of t?
2
Suppose -13 - 7 = -4*y. Let t = y + -3. What is the units digit of t?
2
Let j be (-3)/(3/(-2)) + 2. Let r be j/10*15/3. Suppose -3*i + 5*w - 19 = -4*i, 3*i - r*w = 6. What is the units digit of i?
4
What is the tens digit of 28/(-3)*(-6 + -3)?
8
Let g be ((-6)/(-1))/(-3) - -5. Suppose -4*t + 2 = -g*t, -2*t = d - 14. What is the tens digit of d?
1
Suppose -3*z - 5*p + 906 = 0, -1208 = 2*z - 6*z - p. What is the units digit of z?
2
Let b be (-13 + 13)/(4*1). Suppose -4*w + 26 = 3*j - 66, 3*j + 5*w - 91 = b. What is the tens digit of j?
3
Let l = -1 + 1. Suppose -3*r + 3 = 0, v - 4*r + r = l. Suppose 0 = 3*z + 2*i - 5*i - 6, v*z - 30 = -5*i. What is the units digit of z?
5
Let v(y) = -y**2 - 8*y + 10. Let p be 30/(-4) - 7/14. What is the units digit of v(p)?
0
Let r = -2 - -33. Suppose r = a + 3. Suppose 2*z + 2*z = a. What is the units digit of z?
7
Let r = 196 - 81. What is the units digit of r?
5
Let d be 3*1*(9 - 8). What is the tens digit of 35 + 3/d*-1?
3
Suppose 42 = -3*p + 4*p. Let d = p - 30. What is the units digit of d?
2
Suppose 4*l = -2*z - 16, 4*z - 2*z + 13 = -l. What is the units digit of (1*z)/(6/(-15))?
5
Suppose -3*u = c + 3 - 20, -2*u + 2 = 3*c. Let m = -24 + u. Let a = -2 - m. What is the tens digit of a?
1
Suppose -4*f - 262 = -5*i, 0 = -i - 2*i + 2*f + 156. What is the units digit of i?
0
Suppose -2*z + 2 = 3*b, -5*z + 1 = 26. Suppose -5*r - b + 24 = 0. What is the units digit of r?
4
Let m be ((-6)/4)/((-1)/4). Let i = 3 + -6. Let y = m + i. What is the units digit of y?
3
Let j = -24 - -25. What is the units digit of j?
1
Let z be (-6)/(-4)*(-30)/(-9). Let o = 16 - z. What is the units digit of o?
1
Suppose 2*u - 348 = -2*u. What is the units digit of u?
7
Suppose 8*q = 10*q - 24. What is the tens digit of q?
1
Let i(w) = 2*w - 7. What is the tens digit of i(15)?
2
Let z = -13 + 16. What is the units digit of z?
3
Let m(h) = h**2 - 21*h + 54. What is the units digit of m(20)?
4
Suppose 5*s - 8 = -3*h - 24, -4*s - 20 = 0. Let z(v) = -4*v**2 + 2 - 7 - 9*v - 4 + h*v**2. What is the units digit of z(-7)?
5
Let a(i) = -i**3 + 16*i**2 - 48*i + 9. What is the units digit of a(12)?
9
Suppose -5*y + 2*x = -1, -5*x + 2 + 4 = -4*y. What is the units digit of y?
1
What is the units digit of (3/(-9))/(1/(-18))?
6
Suppose -12*q + 10*q = 0. Suppose 4*i = -q + 4. What is the units digit of i?
1
Suppose 3*c = -2*q + 128, 2*q - 3*c - 150 + 46 = 0. What is the units digit of q?
8
Suppose 0 = f - 0 - 4. Let g = -3 + f. Let a(k) = 14*k**2 - 1. What is the units digit of a(g)?
3
Let x = 2 - -2. What is the units digit of 14 - 0*(-2)/x?
4
Suppose -2*r + 226 = -62. What is the units digit of r?
4
Suppose -67 = -2*p + 5*u, -3*u - 7 = -3*p + 71. Suppose -p = -2*w + 3*r + 2*r, 5*w - 67 = -2*r. What is the units digit of w?
3
What is the tens digit of -29*(3 + -5)*(-2 - -3)?
5
Suppose -63*p + 68*p = 15. What is the units digit of p?
3
Let r(p) = 9*p**2 + 3*p**2 - 